{"id":124,"date":"2017-10-26T19:33:43","date_gmt":"2017-10-26T16:33:43","guid":{"rendered":"http:\/\/psikiyatri.isimneydi.com\/?page_id=124"},"modified":"2026-04-13T17:04:33","modified_gmt":"2026-04-13T14:04:33","slug":"iletisim","status":"publish","type":"page","link":"https:\/\/hakankaras.com\/?page_id=124","title":{"rendered":"\u0130LET\u0130\u015e\u0130M"},"content":{"rendered":"<div id='av_section_1'  class='avia-section av-qu58-0ecc8697d43273505b38f0ecc2b00534 main_color avia-section-default avia-no-border-styling  avia-builder-el-0  el_before_av_one_fifth  avia-builder-el-first  avia-bg-style-scroll container_wrap sidebar_right'  ><div class='container av-section-cont-open' ><main  role=\"main\" itemprop=\"mainContentOfPage\"  class='template-page content  av-content-small alpha units'><div class='post-entry post-entry-type-page post-entry-124'><div class='entry-content-wrapper clearfix'>\n\n<\/div><\/div><\/main><!-- close content main element --><\/div><\/div><div id='after_section_1'  class='main_color av_default_container_wrap container_wrap sidebar_right'  ><div class='container av-section-cont-open' ><div class='template-page content  av-content-small alpha units'><div class='post-entry post-entry-type-page post-entry-124'><div class='entry-content-wrapper clearfix'>\n\n<style type=\"text\/css\" data-created_by=\"avia_inline_auto\" id=\"style-css-av-2r2hm4-46ad62960572871ee70b8c003da26c48\">\n.flex_column.av-2r2hm4-46ad62960572871ee70b8c003da26c48{\nborder-radius:0px 0px 0px 0px;\npadding:0px 0px 0px 0px;\n}\n<\/style>\n<div  class='flex_column av-2r2hm4-46ad62960572871ee70b8c003da26c48 av_one_fifth  avia-builder-el-2  el_after_av_section  el_before_av_three_fifth  avia-builder-el-first  first flex_column_div av-zero-column-padding  '     ><\/div>\n\n<style type=\"text\/css\" data-created_by=\"avia_inline_auto\" id=\"style-css-av-2iok0k-5c213e2d9f7fdc9fffd054b7ec1706bc\">\n.flex_column.av-2iok0k-5c213e2d9f7fdc9fffd054b7ec1706bc{\nborder-radius:0px 0px 0px 0px;\npadding:0px 0px 0px 0px;\n}\n<\/style>\n<div  class='flex_column av-2iok0k-5c213e2d9f7fdc9fffd054b7ec1706bc av_three_fifth  avia-builder-el-3  el_after_av_one_fifth  el_before_av_one_fifth  flex_column_div av-zero-column-padding  '     ><p>\n<style type=\"text\/css\" data-created_by=\"avia_inline_auto\" id=\"style-css-av-2h4wxg-1e7a08dd119055eae95a47c37fc451ae\">\n#top .av-special-heading.av-2h4wxg-1e7a08dd119055eae95a47c37fc451ae{\npadding-bottom:10px;\n}\nbody .av-special-heading.av-2h4wxg-1e7a08dd119055eae95a47c37fc451ae .av-special-heading-tag .heading-char{\nfont-size:25px;\n}\n.av-special-heading.av-2h4wxg-1e7a08dd119055eae95a47c37fc451ae .av-subheading{\nfont-size:15px;\n}\n<\/style>\n<div  class='av-special-heading av-2h4wxg-1e7a08dd119055eae95a47c37fc451ae av-special-heading-h3  avia-builder-el-4  el_before_av_iconlist  avia-builder-el-first '><h3 class='av-special-heading-tag '  itemprop=\"headline\"  >\u0130leti\u015fim Bilgisi<\/h3><div class=\"special-heading-border\"><div class=\"special-heading-inner-border\"><\/div><\/div><\/div><br \/>\n\n<style type=\"text\/css\" data-created_by=\"avia_inline_auto\" id=\"style-css-av-26q8i4-f0890ab16ca2c05e04c90ebb60eacd17\">\n#top .avia-icon-list-container.av-26q8i4-f0890ab16ca2c05e04c90ebb60eacd17 .iconlist_icon{\nbackground-color:#648da3;\n}\n.avia-icon-list-container.av-26q8i4-f0890ab16ca2c05e04c90ebb60eacd17 .iconlist_content{\nfont-size:18px;\ncolor:#939393;\n}\n<\/style>\n<div  class='avia-icon-list-container av-26q8i4-f0890ab16ca2c05e04c90ebb60eacd17  avia-builder-el-5  el_after_av_heading  avia-builder-el-last '><ul class='avia-icon-list avia_animate_when_almost_visible avia-icon-list-left av-iconlist-big av-26q8i4-f0890ab16ca2c05e04c90ebb60eacd17 avia-iconlist-animate'>\n<li><div class='iconlist_icon av-23i2ek-f9ee932e1da43614a5b73216f740d0ca avia-font-entypo-fontello avia-iconfont avia-font-entypo-fontello'><span class='av-icon-char' data-av_icon='\ue842' data-av_iconfont='entypo-fontello' aria-hidden=\"true\"><\/span><\/div><article class=\"article-icon-entry \"  itemscope=\"itemscope\" itemtype=\"https:\/\/schema.org\/CreativeWork\" ><div class=\"iconlist_content_wrap\"><header class=\"entry-content-header\" aria-label=\"Icon: \"><\/header><div class='iconlist_content av_inherit_color'  itemprop=\"text\" ><div class=\"address\">Ba\u011fdat Caddesi No:270 Ak Apt. D:5 Caddebostan<br \/>\nKad\u0131k\u00f6y\/\u0130stanbul<\/div>\n<\/div><\/div><footer class=\"entry-footer\"><\/footer><\/article><div class=\"iconlist-timeline\"><\/div><\/li>\n<li><div class='iconlist_icon av-1omq10-f5ee8fbb0f4788f10354bc3c3d407300 avia-font-entypo-fontello avia-iconfont avia-font-entypo-fontello'><span class='av-icon-char' data-av_icon='\ue8ac' data-av_iconfont='entypo-fontello' aria-hidden=\"true\"><\/span><\/div><article class=\"article-icon-entry \"  itemscope=\"itemscope\" itemtype=\"https:\/\/schema.org\/CreativeWork\" ><div class=\"iconlist_content_wrap\"><header class=\"entry-content-header\" aria-label=\"Icon: \"><\/header><div class='iconlist_content av_inherit_color'  itemprop=\"text\" ><p>+90 535 258 91 24<\/p>\n<\/div><\/div><footer class=\"entry-footer\"><\/footer><\/article><div class=\"iconlist-timeline\"><\/div><\/li>\n<li><div class='iconlist_icon av-1m80vw-927b6e18d9dd29740ae84db78dfcbb5e avia-font-entypo-fontello avia-iconfont avia-font-entypo-fontello'><span class='av-icon-char' data-av_icon='\ue805' data-av_iconfont='entypo-fontello' aria-hidden=\"true\"><\/span><\/div><article class=\"article-icon-entry \"  itemscope=\"itemscope\" itemtype=\"https:\/\/schema.org\/CreativeWork\" ><div class=\"iconlist_content_wrap\"><header class=\"entry-content-header\" aria-label=\"Icon: \"><\/header><div class='iconlist_content av_inherit_color'  itemprop=\"text\" ><p>hakankaras@yahoo.com<\/p>\n<\/div><\/div><footer class=\"entry-footer\"><\/footer><\/article><div class=\"iconlist-timeline\"><\/div><\/li>\n<li><div class='iconlist_icon av-1efqlw-8a3a7ee713bd793bb5def63afcb71b67 avia-font-entypo-fontello avia-iconfont avia-font-entypo-fontello'><span class='av-icon-char' data-av_icon='\uf16d' data-av_iconfont='entypo-fontello' aria-hidden=\"true\"><\/span><\/div><article class=\"article-icon-entry \"  itemscope=\"itemscope\" itemtype=\"https:\/\/schema.org\/CreativeWork\" ><div class=\"iconlist_content_wrap\"><header class=\"entry-content-header\" aria-label=\"Icon: \"><\/header><div class='iconlist_content av_inherit_color'  itemprop=\"text\" ><p><a href=\"https:\/\/www.instagram.com\/drhakankaras\/\">@drhakankaras<\/a><\/p>\n<\/div><\/div><footer class=\"entry-footer\"><\/footer><\/article><div class=\"iconlist-timeline\"><\/div><\/li>\n<li><div class='iconlist_icon av-1efqlw-1-d9f30ea3a6669e4c06c14f80f482f2a4 avia-font-entypo-fontello avia-iconfont avia-font-entypo-fontello'><span class='av-icon-char' data-av_icon='\ue821' data-av_iconfont='entypo-fontello' aria-hidden=\"true\"><\/span><\/div><article class=\"article-icon-entry \"  itemscope=\"itemscope\" itemtype=\"https:\/\/schema.org\/CreativeWork\" ><div class=\"iconlist_content_wrap\"><header class=\"entry-content-header\" aria-label=\"Icon: \"><\/header><div class='iconlist_content av_inherit_color'  itemprop=\"text\" ><p><a href=\"http:\/\/www.hakankaras.com\">www.hakankaras.com<\/a><\/p>\n<\/div><\/div><footer class=\"entry-footer\"><\/footer><\/article><div class=\"iconlist-timeline\"><\/div><\/li>\n<\/ul><\/div><\/p><\/div>\n<style type=\"text\/css\" data-created_by=\"avia_inline_auto\" id=\"style-css-av-1ary0c-9196cb23a6748e614430f4be046da1c3\">\n.flex_column.av-1ary0c-9196cb23a6748e614430f4be046da1c3{\nborder-radius:0px 0px 0px 0px;\npadding:0px 0px 0px 0px;\n}\n<\/style>\n<div  class='flex_column av-1ary0c-9196cb23a6748e614430f4be046da1c3 av_one_fifth  avia-builder-el-6  el_after_av_three_fifth  el_before_av_section  avia-builder-el-last  flex_column_div av-zero-column-padding  '     ><\/div><\/p>\n<\/div><\/div><\/div><!-- close content main div --><\/div><\/div>\n<style type=\"text\/css\" data-created_by=\"avia_inline_auto\" id=\"style-css-av-10dlxg-89759f5bc0ed4dba4ddc5417947763ab\">\n.avia-section.av-10dlxg-89759f5bc0ed4dba4ddc5417947763ab{\nbackground-color:#648da3;\nbackground-image:unset;\n}\n<\/style>\n<div id='av_section_2'  class='avia-section av-10dlxg-89759f5bc0ed4dba4ddc5417947763ab main_color avia-section-default avia-no-shadow  avia-builder-el-7  el_after_av_one_fifth  avia-builder-el-last  avia-bg-style-scroll container_wrap sidebar_right'  ><div class='container av-section-cont-open' ><div class='template-page content  av-content-small alpha units'><div class='post-entry post-entry-type-page post-entry-124'><div class='entry-content-wrapper clearfix'>\n\n<style type=\"text\/css\" data-created_by=\"avia_inline_auto\" id=\"style-css-av-vbupw-1538b6b3ea8b41c1b8b613b881082e2e\">\n.flex_column.av-vbupw-1538b6b3ea8b41c1b8b613b881082e2e{\nborder-radius:0px 0px 0px 0px;\npadding:0px 0px 0px 0px;\n}\n<\/style>\n<div  class='flex_column av-vbupw-1538b6b3ea8b41c1b8b613b881082e2e av_one_fifth  avia-builder-el-8  el_before_av_three_fifth  avia-builder-el-first  first flex_column_div av-zero-column-padding  '     ><\/div>\n<style type=\"text\/css\" data-created_by=\"avia_inline_auto\" id=\"style-css-av-pn54c-d23095943de7f476d4e0a4dd9d1f662d\">\n.flex_column.av-pn54c-d23095943de7f476d4e0a4dd9d1f662d{\nborder-radius:0px 0px 0px 0px;\npadding:0px 0px 0px 0px;\n}\n<\/style>\n<div  class='flex_column av-pn54c-d23095943de7f476d4e0a4dd9d1f662d av_three_fifth  avia-builder-el-9  el_after_av_one_fifth  el_before_av_one_fifth  flex_column_div av-zero-column-padding  '     ><section  class='av_textblock_section av-lgrjg-bfcbe341545930cb94f6bd15a269a967 '   itemscope=\"itemscope\" itemtype=\"https:\/\/schema.org\/CreativeWork\" ><div class='avia_textblock'  itemprop=\"text\" ><p style=\"text-align: center;\"><a href=\"tel:0535 258 91 24\"><span style=\"color: #dbdada;\">0535 258 91 24<\/span><\/a><\/p>\n<p style=\"text-align: center;\"><span style=\"color: #dbdada;\">hakankaras@yahoo.com<\/span><\/p>\n<p style=\"text-align: center;\"><span style=\"color: #dbdada;\">Ba\u011fdat Caddesi No:270 Ak Apt. D:5<br \/>\nCaddebostan &#8211; Kad\u0131k\u00f6y &#8211;\u00a0<b><\/b>\u0130stanbul \/\u00a0<b><\/b>T\u00fcrkiye<\/span><\/p>\n<\/div><\/section><br \/>\n<section  class='av_textblock_section av-fl1mk-8a1cce7467ace48617f16d9d69938a0f '   itemscope=\"itemscope\" itemtype=\"https:\/\/schema.org\/CreativeWork\" ><div class='avia_textblock'  itemprop=\"text\" ><p style=\"text-align: center;\">\u00a0 \u00a0 \u00a0<a href=\"https:\/\/www.facebook.com\/drhakankaras\/\"><img loading=\"lazy\" decoding=\"async\" class=\"alignnone size-thumbnail wp-image-111\" src=\"..\/wp-content\/uploads\/2017\/10\/face-icon-2-80x80.png\" alt=\"\" width=\"80\" height=\"80\" srcset=\"https:\/\/hakankaras.com\/wp-content\/uploads\/2017\/10\/face-icon-2-80x80.png 80w, https:\/\/hakankaras.com\/wp-content\/uploads\/2017\/10\/face-icon-2-300x300.png 300w, https:\/\/hakankaras.com\/wp-content\/uploads\/2017\/10\/face-icon-2-36x36.png 36w, https:\/\/hakankaras.com\/wp-content\/uploads\/2017\/10\/face-icon-2-180x180.png 180w, https:\/\/hakankaras.com\/wp-content\/uploads\/2017\/10\/face-icon-2-120x120.png 120w, https:\/\/hakankaras.com\/wp-content\/uploads\/2017\/10\/face-icon-2-450x450.png 450w, https:\/\/hakankaras.com\/wp-content\/uploads\/2017\/10\/face-icon-2.png 512w\" sizes=\"auto, (max-width: 80px) 100vw, 80px\" \/><\/a>\u00a0 \u00a0 \u00a0\u00a0<a href=\"https:\/\/twitter.com\/hakankaras\"><img loading=\"lazy\" decoding=\"async\" class=\"alignnone size-thumbnail wp-image-112\" src=\"..\/wp-content\/uploads\/2017\/10\/twitter-icon-2-80x80.png\" alt=\"\" width=\"80\" height=\"80\" srcset=\"https:\/\/hakankaras.com\/wp-content\/uploads\/2017\/10\/twitter-icon-2-80x80.png 80w, https:\/\/hakankaras.com\/wp-content\/uploads\/2017\/10\/twitter-icon-2-300x300.png 300w, https:\/\/hakankaras.com\/wp-content\/uploads\/2017\/10\/twitter-icon-2-36x36.png 36w, https:\/\/hakankaras.com\/wp-content\/uploads\/2017\/10\/twitter-icon-2-180x180.png 180w, https:\/\/hakankaras.com\/wp-content\/uploads\/2017\/10\/twitter-icon-2-120x120.png 120w, https:\/\/hakankaras.com\/wp-content\/uploads\/2017\/10\/twitter-icon-2-450x450.png 450w, https:\/\/hakankaras.com\/wp-content\/uploads\/2017\/10\/twitter-icon-2.png 512w\" sizes=\"auto, (max-width: 80px) 100vw, 80px\" \/><\/a>\u00a0 \u00a0 \u00a0\u00a0<a href=\"https:\/\/www.linkedin.com\/in\/hakan-kara%C5%9F-48611135\/\"><img loading=\"lazy\" decoding=\"async\" class=\"alignnone size-thumbnail wp-image-113\" src=\"..\/wp-content\/uploads\/2017\/10\/linkedn-ico-2-80x80.png\" alt=\"\" width=\"80\" height=\"80\" srcset=\"https:\/\/hakankaras.com\/wp-content\/uploads\/2017\/10\/linkedn-ico-2-80x80.png 80w, https:\/\/hakankaras.com\/wp-content\/uploads\/2017\/10\/linkedn-ico-2-300x300.png 300w, https:\/\/hakankaras.com\/wp-content\/uploads\/2017\/10\/linkedn-ico-2-36x36.png 36w, https:\/\/hakankaras.com\/wp-content\/uploads\/2017\/10\/linkedn-ico-2-180x180.png 180w, https:\/\/hakankaras.com\/wp-content\/uploads\/2017\/10\/linkedn-ico-2-120x120.png 120w, https:\/\/hakankaras.com\/wp-content\/uploads\/2017\/10\/linkedn-ico-2-450x450.png 450w, https:\/\/hakankaras.com\/wp-content\/uploads\/2017\/10\/linkedn-ico-2.png 512w\" sizes=\"auto, (max-width: 80px) 100vw, 80px\" \/><\/a>\u00a0 \u00a0 \u00a0 <a href=\"https:\/\/www.instagram.com\/drhakankaras\/\"><img decoding=\"async\" class=\"alignnone size-thumbnail wp-image-113\" src=\"..\/wp-content\/uploads\/2024\/07\/inst-m.png\" \/><\/a><\/p>\n<\/div><\/section><\/p><\/div>\n<style type=\"text\/css\" data-created_by=\"avia_inline_auto\" id=\"style-css-av-78qo4-d09ee6a1fe5ffaab0efdb66dad719daf\">\n.flex_column.av-78qo4-d09ee6a1fe5ffaab0efdb66dad719daf{\nborder-radius:0px 0px 0px 0px;\npadding:0px 0px 0px 0px;\n}\n<\/style>\n<div  class='flex_column av-78qo4-d09ee6a1fe5ffaab0efdb66dad719daf av_one_fifth  avia-builder-el-12  el_after_av_three_fifth  avia-builder-el-last  flex_column_div av-zero-column-padding  '     ><\/div><\/div><\/div><\/div><!-- close content main div --><\/div><\/div><div id='after_section_2'  class='main_color av_default_container_wrap container_wrap sidebar_right'  ><div class='container av-section-cont-open' ><div class='template-page content  av-content-small alpha units'><div class='post-entry post-entry-type-page post-entry-124'><div class='entry-content-wrapper clearfix'>\n","protected":false},"excerpt":{"rendered":"","protected":false},"author":3,"featured_media":0,"parent":0,"menu_order":0,"comment_status":"closed","ping_status":"closed","template":"","meta":{"footnotes":""},"class_list":["post-124","page","type-page","status-publish","hentry"],"_links":{"self":[{"href":"https:\/\/hakankaras.com\/index.php?rest_route=\/wp\/v2\/pages\/124","targetHints":{"allow":["GET"]}}],"collection":[{"href":"https:\/\/hakankaras.com\/index.php?rest_route=\/wp\/v2\/pages"}],"about":[{"href":"https:\/\/hakankaras.com\/index.php?rest_route=\/wp\/v2\/types\/page"}],"author":[{"embeddable":true,"href":"https:\/\/hakankaras.com\/index.php?rest_route=\/wp\/v2\/users\/3"}],"replies":[{"embeddable":true,"href":"https:\/\/hakankaras.com\/index.php?rest_route=%2Fwp%2Fv2%2Fcomments&post=124"}],"version-history":[{"count":44,"href":"https:\/\/hakankaras.com\/index.php?rest_route=\/wp\/v2\/pages\/124\/revisions"}],"predecessor-version":[{"id":489,"href":"https:\/\/hakankaras.com\/index.php?rest_route=\/wp\/v2\/pages\/124\/revisions\/489"}],"wp:attachment":[{"href":"https:\/\/hakankaras.com\/index.php?rest_route=%2Fwp%2Fv2%2Fmedia&parent=124"}],"curies":[{"name":"wp","href":"https:\/\/api.w.org\/{rel}","templated":true}]}}